nd 12.
12
Let z(n) = 2*n**3 - 14*n**2 + 7*n - 41. Let s be z(8). Suppose 0 = y - 12 - 1. Calculate the greatest common divisor of s and y.
13
Let j = 42 + -22. Calculate the greatest common divisor of j and 5.
5
Let l be (-3)/(-7) + 477/63. What is the highest common divisor of 24 and l?
8
Let i = -9 + 17. Let s be (-3)/12*-4*16. What is the greatest common divisor of s and i?
8
Let k be (-1)/(((-6)/57)/(-2)). Let m = 20 - k. Suppose 0 = -5*r + b + 270, r - 15 - m = b. What is the greatest common divisor of r and 6?
6
Let n = 23 - 3. Calculate the highest common divisor of 10 and n.
10
Let w be (-8 - (-132)/16) + (-15)/(-4). What is the greatest common divisor of w and 52?
4
Let o = 0 - 0. Let n be (-4)/(-10) - 354/(-15). Suppose o = -3*r - r + n. What is the greatest common factor of 15 and r?
3
Let y = 268 - 184. Suppose -6*t + y = -2*t. What is the highest common divisor of t and 7?
7
Let m be 1 - (1 - 3) - -302. Let k = m - 206. Let v(z) = -9*z**3 - z**2 + 1. Let r be v(-1). Calculate the greatest common factor of k and r.
9
Let w be ((-42)/4)/((-3)/(-4)). Let t = 28 + w. Let b be (-1112)/(-32) - 2/(-8). Calculate the highest common factor of t and b.
7
Let f be (0/3 + -1)*12. Let s = f + 40. What is the greatest common divisor of s and 70?
14
Let x(n) be the third derivative of 7*n**4/6 - n**3 - 4*n**2. Let q be x(5). Let a = q + -8. What is the highest common factor of a and 14?
14
Let n be (-3)/(-9) - (-4)/6. Suppose 89 = 3*r + 4*m, -4*m + 21 = n. What is the greatest common factor of 92 and r?
23
Suppose 29 = 3*z + 4*k, 4*z + 5*k = 2*z + 31. Suppose 0 = -z*s + 12, 404 = -4*t + 6*t + 2*s. What is the highest common divisor of 22 and t?
22
Let l = 81 + 9. Suppose -3*m + 50 = x - 0*x, -5*x = -m - 10. What is the greatest common factor of l and m?
15
Let o = 11 + -7. Suppose -5*u = o*p - 292, 2*u - 6*u + 2*p + 218 = 0. Calculate the greatest common divisor of u and 7.
7
Let k(y) be the second derivative of -y**3/3 - y**2 - 2*y. Let m be k(-3). Calculate the greatest common divisor of 36 and m.
4
Let c(j) = -6*j**3 - 3*j**2 + 2*j + 6. Let n be c(-2). Calculate the highest common divisor of 19 and n.
19
Suppose 0*q = 4*q - 16. Let r = 95 - 89. Calculate the highest common divisor of r and q.
2
Let o be 5/2*(-48)/(-20). What is the highest common factor of 21 and o?
3
Let m = -9 - -14. Suppose -4 - 16 = -m*o. Suppose -i - 2 = -2*t, 3*i - 20 = -2*i + o*t. Calculate the highest common factor of i and 12.
4
Let o = -7 + 5. Let p(w) = 21*w**2 + 2*w. Let q be p(o). What is the greatest common divisor of 8 and q?
8
Suppose c + d + 4 = -2, 4*c + 5*d + 28 = 0. Let t be (-1 + 1)*c/(-4). Suppose x - 3*b = 6*x - 378, b - 1 = t. Calculate the greatest common factor of x and 15.
15
Suppose -5*m + 16 = x - m, 4*x = -m + 19. Suppose 224 = 5*q - 0*q + 2*t, 0 = 4*q + 2*t - 180. Calculate the greatest common factor of q and x.
4
Let m = 67 + -13. Suppose 3*s + 137 = 5*i, 0*i - 2*i + s = -m. Calculate the greatest common factor of i and 5.
5
Let b(d) = -3*d + 95. Let f be b(30). Calculate the highest common factor of 5 and f.
5
Let j = -17 + 41. Calculate the greatest common divisor of j and 8.
8
Let k(s) = 20*s. Let c be 4/(2 + 1 + -2). Let f be k(c). Let y = -13 - -29. Calculate the highest common divisor of y and f.
16
Let a be 15/6*12/10. Let c(t) = -2*t - t**2 - t**2 - t**3 - 10*t**a - 1. Let x be c(-1). Calculate the highest common divisor of 4 and x.
2
Let s be -4 - 3*(-40)/12. Suppose -4*o + 15 = -o, 5*h - 15 = 3*o. Calculate the highest common factor of s and h.
6
Suppose -6*x + 175 - 55 = 0. Calculate the greatest common divisor of x and 8.
4
Suppose 0 = 3*g - 45 - 36. Calculate the greatest common divisor of 297 and g.
27
Let o = -63 + 129. What is the highest common factor of o and 6?
6
Let h(z) = z**3 + 4*z**2. Let j be h(-2). Suppose 2*p = f + 5, j = p + 5*f - 0. Suppose -r = p*r - 36. Calculate the highest common factor of 72 and r.
9
Suppose -3*d + 0 = -2*u - 34, -4*d + 2*u = -44. Let j be 7/((-28)/(-48))*d. What is the greatest common divisor of 24 and j?
24
Let z be (2 + 106/10)*5. Calculate the highest common divisor of z and 42.
21
Suppose -4*l + l + 108 = 0. Let x(h) = h + 12. Let y be x(-8). What is the highest common factor of y and l?
4
Let q(d) = -d - 3. Let o be q(-5). Let y(v) = -2*v - 4. Let i be y(-5). Suppose -o*j + j = -i. Calculate the highest common divisor of 24 and j.
6
Let h = -124 - -79. Let d be 8/(-3)*h/4. Calculate the highest common factor of d and 45.
15
Suppose 4*v + 0*s = 5*s + 25, -7 = -2*v - 3*s. Suppose -3*f - 5*m - 3 - 10 = 0, 5*f + v*m = -5. What is the highest common factor of f and 2?
2
Let x(a) = 7*a**2 + 2*a - 5. Let q be -3 + -1 - 0/14. Let b be x(q). Calculate the highest common divisor of 9 and b.
9
Let o = 17 - 7. Let p be 7 - 4 - 3*2. Let u be 26 + -1*(-1 + p). What is the greatest common divisor of u and o?
10
Suppose -2*b + 3*m = 8, -2*m = -2*b - 5 + 1. Suppose x + 2*x = 6. Calculate the greatest common divisor of x and b.
2
Let l be 2*(3/2 + 3). Let d(c) = -1 - 6 + 2*c**3 - 5*c**2 + 4*c - 3*c**2. Let v be d(5). What is the greatest common divisor of l and v?
9
Let i = 31 + -21. Let w be i*-2*2/(-4). Let p = w + -4. What is the greatest common factor of p and 9?
3
Let y(f) = 9*f + 1. Let b be y(-2). Let w = b + 42. What is the greatest common divisor of 10 and w?
5
Let n = -49 - -82. Let b(h) = h**3 - 7*h**2 + 7*h - 3. Let g be b(6). Suppose 4*i = -z + 6*z + 7, z - 10 = -g*i. What is the highest common factor of i and n?
3
Let o(f) = 5*f**2 - f + 2. Let j be o(3). Let b = 64 - j. What is the greatest common divisor of b and 30?
10
Suppose 2*k + 3 = 7. Suppose -b = -k*b + 18. Calculate the greatest common divisor of b and 6.
6
Let m(s) = -s + 7. Let o be m(16). Let q be (o + 1)*(-3)/6. Calculate the greatest common factor of q and 1.
1
Let w be 896/6 + 2/(-6). Let t be (3/6 - 0)*18. Suppose t - w = -2*o. Calculate the highest common factor of 14 and o.
14
Suppose 0 = 3*z - z + 344. Let h = 310 + z. Let f be h/15 + (-1)/5. Calculate the highest common divisor of f and 36.
9
Suppose 48 = c - 5*c. Let r be 2/(-8) + 69/c. Let g = 9 + r. Calculate the highest common factor of 6 and g.
3
Suppose -11 = -3*p + 1. Let m = p - 4. Suppose 2*d = 3*d + 3*f - 51, m = 2*f + 6. What is the greatest common factor of 15 and d?
15
Let g(b) = -b**2 + 8*b + 7. Let x be g(7). Suppose -5 = t - 75. Let y = t - 42. What is the highest common divisor of y and x?
14
Suppose -20 = 2*u + 12. Let i = -3 - u. What is the highest common factor of i and 117?
13
Let w be 1 - (267*5)/(-3). Suppose p + p - w = 0. Let i = -79 + p. Calculate the greatest common factor of 16 and i.
16
Let j(p) = -5*p - 4. Let x be j(-3). Let t = 17 - x. Calculate the greatest common factor of 6 and t.
6
Suppose -2*i = -13*j + 9*j + 14, 0 = -4*j - 5*i - 21. Let d be (4/3)/((-4)/(-42)). Suppose 0 = -0*z + 2*z - d. Calculate the highest common factor of z and j.
1
Suppose 3*u - 285 = 4*i, u - 6*u = -2*i - 461. Suppose -3*h = 4*a - 339, -a - 2*h + u = -0*a. Suppose -j + 18 = j. What is the highest common factor of j and a?
9
Let m(n) = n**3 + 8*n**2 + 8*n - 1. Let p be m(-7). Let h be p/16 - (-35)/2. Calculate the greatest common divisor of h and 68.
17
Suppose 0 = 3*f + 2*z - 34, -z + 2 - 3 = 0. What is the highest common divisor of f and 48?
12
Suppose 0*b - b = -2*z + 3, 5*z = -4*b + 40. Suppose -l + 35 = z*l. Suppose u = l + 15. What is the greatest common factor of 66 and u?
22
Let c = 92 + -18. Let r = c + -50. What is the highest common divisor of r and 16?
8
Let p(h) = -h**2 - 9*h - 17. Let t be p(-5). Suppose -2*v - 54 = -4*v. Calculate the greatest common factor of t and v.
3
Let y(x) = -x**3 + 6*x**2 - 4*x - 3. Let i be y(4). What is the greatest common divisor of i and 65?
13
Let d be -6*1/(-4)*14. Suppose 0 = -2*r - f + 340, 13 - 5 = 2*f. Calculate the greatest common divisor of d and r.
21
Suppose -2*q + 122 = -0*v + 2*v, q = 5*v + 31. Let s be (-10)/(-3)*(-48)/(-20). What is the greatest common factor of s and q?
8
Let v = -16 - -31. Calculate the highest common divisor of 120 and v.
15
Suppose 2*t - 3*t + 5 = 0. Suppose 2*r = -0 + 10. Suppose 2*x + l = 7, 2*l + r - 4 = -x. What is the highest common divisor of x and t?
5
Let o(f) = f**2 - 20